
127
Calculate the remainder when 121779 is divided by 20.
19
Calculate the remainder when 1090617 is divided by 146.
143
Calculate the remainder when 106310 is divided by 21259.
15
Calculate the remainder when 916484 is divided by 11.
8
Calculate the remainder when 1039213 is divided by 47.
43
Calculate the remainder when 11548 is divided by 1618.
222
What is the remainder when 220873 is divided by 55?
48
What is the remainder when 1819 is divided by 112?
27
Calculate the remainder when 5538 is divided by 611.
39
What is the remainder when 10538 is divided by 10?
8
Calculate the remainder when 5994 is divided by 32.
10
What is the remainder when 2067 is divided by 231?
219
What is the remainder when 34391 is divided by 34389?
2
Calculate the remainder when 462103 is divided by 13.
5
What is the remainder when 87498 is divided by 28?
26
Calculate the remainder when 33406 is divided by 144.
142
Calculate the remainder when 11002 is divided by 5121.
760
What is the remainder when 60669 is divided by 223?
13
Calculate the remainder when 21718 is divided by 553.
151
Calculate the remainder when 882299 is divided by 25.
24
What is the remainder when 686267 is divided by 97?
89
Calculate the remainder when 3070364 is divided by 269.
267
Calculate the remainder when 4104 is divided by 166.
120
Calculate the remainder when 5330 is divided by 1325.
30
What is the remainder when 10867 is divided by 1199?
76
Calculate the remainder when 6470 is divided by 46.
30
What is the remainder when 68482 is divided by 283?
279
Calculate the remainder when 1916873 is divided by 981.
980
What is the remainder when 697316 is divided by 78?
74
Calculate the remainder when 6629 is divided by 369.
356
Calculate the remainder when 526298 is divided by 131571.
14
What is the remainder when 7134 is divided by 2537?
2060
What is the remainder when 5262619 is divided by 11?
10
What is the remainder when 2699 is divided by 19?
1
Calculate the remainder when 345916 is divided by 568.
4
What is the remainder when 166011 is divided by 154?
153
What is the remainder when 27216 is divided by 13567?
82
What is the remainder when 33392 is divided by 206?
20
What is the remainder when 321858 is divided by 110?
108
What is the remainder when 6504 is divided by 179?
60
Calculate the remainder when 721 is divided by 132.
61
What is the remainder when 131580 is divided by 26307?
45
Calculate the remainder when 4673 is divided by 15.
8
Calculate the remainder when 321478 is divided by 2976.
70
Calculate the remainder when 29749 is divided by 298.
247
Calculate the remainder when 11063 is divided by 410.
403
Calculate the remainder when 818745 is divided by 684.
681
Calculate the remainder when 19467 is divided by 2431.
19
What is the remainder when 26690 is divided by 8894?
8
What is the remainder when 58112 is divided by 842?
14
Calculate the remainder when 40085 is divided by 82.
69
What is the remainder when 514892 is divided by 5?
2
What is the remainder when 27676 is divided by 27676?
0
Calculate the remainder when 679989 is divided by 1051.
1043
What is the remainder when 14018 is divided by 145?
98
What is the remainder when 23711 is divided by 658?
23
What is the remainder when 49797 is divided by 5519?
126
Calculate the remainder when 37971 is divided by 175.
171
What is the remainder when 1873782 is divided by 233?
229
What is the remainder when 3728 is divided by 3690?
38
Calculate the remainder when 9951 is divided by 123.
111
Calculate the remainder when 7886 is divided by 58.
56
What is the remainder when 1907 is divided by 80?
67
Calculate the remainder when 391207 is divided by 39.
37
What is the remainder when 3699 is divided by 3382?
317
Calculate the remainder when 639128 is divided by 69.
50
What is the remainder when 373997 is divided by 373997?
0
What is the remainder when 7781 is divided by 43?
41
Calculate the remainder when 1203067 is divided by 225.
217
What is the remainder when 722 is divided by 435?
287
Calculate the remainder when 387820 is divided by 1243.
4
Calculate the remainder when 38220 is divided by 411.
408
Calculate the remainder when 380889 is divided by 72.
9
Calculate the remainder when 1299 is divided by 431.
6
Calculate the remainder when 7027 is divided by 6.
1
Calculate the remainder when 6734 is divided by 337.
331
Calculate the remainder when 573218 is divided by 31.
28
Calculate the remainder when 7513393 is divided by 14.
13
What is the remainder when 38190 is divided by 200?
190
What is the remainder when 80804 is divided by 156?
152
What is the remainder when 10512 is divided by 554?
540
Calculate the remainder when 16367 is divided by 62.
61
Calculate the remainder when 4117 is divided by 4088.
29
Calculate the remainder when 44433 is divided by 46.
43
What is the remainder when 273963 is divided by 42?
39
Calculate the remainder when 93807 is divided by 328.
327
Calculate the remainder when 7604 is divided by 181.
2
What is the remainder when 150802 is divided by 30150?
52
Calculate the remainder when 99966 is divided by 130.
126
What is the remainder when 8584 is divided by 28?
16
Calculate the remainder when 35249 is divided by 101.
0
Calculate the remainder when 342139 is divided by 324.
319
What is the remainder when 26046 is divided by 4338?
18
What is the remainder when 13114 is divided by 13106?
8
What is the remainder when 164432 is divided by 945?
2
Calculate the remainder when 406 is divided by 17.
15
Calculate the remainder when 48128 is divided by 12032.
0
Calculate the remainder when 6938 is divided by 14.
8
What is the remainder when 215 is divided by 139?
76
Calculate the remainder when 15824 is divided by 5248.
80
Calculate the remainder when 250 is divided by 204.
46
What is the remainder when 1210 is divided by 308?
286
What is the remainder when 19289 is divided by 9619?
51
What is the remainder when 11270 is divided by 488?
46
Calculate the remainder when 22549 is divided by 1744.
1621
What is the remainder when 2158 is divided by 66?
46
Calculate the remainder when 19112 is divided by 1124.
4
Calculate the remainder when 193310 is divided by 64434.
8
Calculate the remainder when 152858 is divided by 2465.
28
What is the remainder when 196961 is divided by 10365?
26
Calculate the remainder when 14339 is divided by 395.
119
What is the remainder when 22497 is divided by 20?
17
Calculate the remainder when 524030 is divided by 32.
30
Calculate the remainder when 559 is divided by 125.
59
Calculate the remainder when 227 is divided by 42.
17
Calculate the remainder when 1823 is divided by 7.
3
Calculate the remainder when 27809 is divided by 1112.
9
What is the remainder when 249789 is divided by 3783?
111
Calculate the remainder when 33361 is divided by 11092.
85
What is the remainder when 30593 is divided by 31?
27
What is the remainder when 60469 is divided by 60400?
69
Calculate the remainder when 112022 is divided by 321.
314
What is the remainder when 85173 is divided by 6551?
10
Calculate the remainder when 115665 is divided by 714.
711
What is the remainder when 41352 is divided by 12?
0
Calculate the remainder when 2673 is divided by 367.
104
Calculate the remainder when 421 is divided by 51.
13
What is the remainder when 174180 is divided by 2049?
15
What is the remainder when 6078 is divided by 91?
72
Calculate the remainder when 4174 is divided by 181.
11
Calculate the remainder when 11648 is divided by 5316.
1016
Calculate the remainder when 68255 is divided by 34126.
3
What is the remainder when 215 is divided by 11?
6
Calculate the remainder when 1376 is divided by 65.
11
What is the remainder when 47222 is divided by 9442?
12
What is the remainder when 341289 is divided by 51?
48
What is the remainder when 13002 is divided by 336?
234
What is the remainder when 33592 is divided by 91?
13
What is the remainder when 177 is divided by 45?
42
Calculate the remainder when 30742 is divided by 433.
432
Calculate the remainder when 6812 is divided by 549.
224
What is the remainder when 83790 is divided by 3641?
47
Calculate the remainder when 6366 is divided by 16.
14
Calculate the remainder when 1119 is divided by 450.
219
Calculate the remainder when 76 is divided by 45.
31
Calculate the remainder when 